 8*c**2 - 3*c - 8. What is the units digit of w(g)?
0
What is the tens digit of ((-6)/(-3) - (-10)/(-4))*-94?
4
Let i be (-8)/(-16) + 53/2. Suppose -4*m = -m - i. What is the units digit of m?
9
Let m be (1 - 3)*9/6. Let k = m - -5. What is the units digit of 2 - k*(-3)/(-6)?
1
Let g(o) = -7*o + 6. Let q be g(5). Let r be (3 - (0 - -2))*40. Let n = r + q. What is the tens digit of n?
1
Suppose -706 = -4*c - 5*g + 3*g, 0 = g - 5. What is the tens digit of c?
7
What is the tens digit of (4 - 1) + -2 - -24?
2
Suppose -b = b + 8, 4*k - 268 = -2*b. What is the tens digit of k?
6
Let z be 45/18 - 1/2. Let g(h) = 8*h - 1. What is the units digit of g(z)?
5
Let x be (-8)/6 - (-8)/(-12). Let v be (-3)/x - (-3)/6. Suppose 2 = -l - v*a - 1, -2*a - 6 = 0. What is the units digit of l?
3
Let h(u) = 7 - 11*u + 10*u + 3. Let o be h(0). Suppose 5*s - y = -14 + 72, 0 = -s + y + o. What is the tens digit of s?
1
Let p(h) = 2*h - 3. Let t(f) = f**2 - f + 8. Let z be t(0). What is the units digit of p(z)?
3
Let p(b) = 16*b - 1. Let m be -2 + 1 + -1 - -3. What is the tens digit of p(m)?
1
Let n(v) = -v**2 + 3*v + 4. Let a be n(4). Suppose a = 5*s - l - 20, 2*s - 5*l + 4 = -11. Let c(k) = k**3 - 4*k**2 - 5*k + 5. What is the units digit of c(s)?
5
Let m(q) be the second derivative of q**5/20 + q**4/3 - 2*q**3/3 - 2*q. What is the tens digit of m(-3)?
2
Suppose i + 9 = 21. What is the tens digit of i?
1
Let x be 5/(0 + (3 - 2)). Suppose -j = 4*n - x, n = 4 - 3. What is the units digit of j?
1
Let v be -35 - ((-1)/(-1) - 4). Let l = 15 + -33. Let z = l - v. What is the tens digit of z?
1
Suppose -4*j - 12 + 32 = 0. Suppose 0 = 5*f - 2*y - 69, j*y = -3*f - 0*f + 29. What is the tens digit of f?
1
Suppose 18*v = 17*v + 3. What is the units digit of v?
3
Suppose 0 = 3*g - 6*g + 3*y + 210, -5*g = -4*y - 348. What is the units digit of g?
8
Suppose 0 = 4*n + 1 + 47. Let j(z) = z + 10. Let k be j(n). Let y(b) = -6*b - 3. What is the units digit of y(k)?
9
Suppose -2*i + 3*z - 5*z = -170, -4*z = -3*i + 220. What is the units digit of i?
0
Let z be 19/(-4) + 1/(-4). Let a be (228/(-133))/((-6)/28). Let r = z + a. What is the units digit of r?
3
Let l(y) be the first derivative of -y**2 - 13*y - 6. What is the units digit of l(-11)?
9
Let t be 4/10*5/2. Let g = 19 - t. Suppose i - g = -i. What is the units digit of i?
9
Let p = 21 + 19. Suppose 0 = 4*o - p - 24. What is the tens digit of o?
1
Suppose -6*k = -3*k - 27. Suppose k = q + 24. What is the units digit of (-189)/q + (-4)/(-10)?
3
Let d(k) = -3*k - 11. Let p be d(-9). Suppose 0 = 4*c - p, -3*q - 3*c = -0*q - 24. What is the units digit of q?
4
Let h(i) = -i**2 - 12*i - 11. What is the units digit of h(-8)?
1
Suppose -v + 5*b + 25 = 0, v - 4*b = -0*b + 26. What is the units digit of v?
0
Suppose 3*h + 6*k - 4*k - 6 = 0, 2*h - 12 = -4*k. What is the units digit of (-22 + (-3 - h))/(-1)?
5
Suppose -6*v = 4*j - v + 17, 0 = -j - 2*v - 8. Let g = 1 + j. Suppose 2*y - 4*w + 18 = 0, -y + g*w - 4 = 2*w. What is the units digit of y?
1
Suppose 64 = -3*x - x. Let w be (12/x)/(1/4). What is the units digit of (-70)/(-6) + w/(-9)?
2
Let f = -90 + 270. What is the tens digit of f/14 - (-1)/7?
1
Suppose -3*i - 6 = -6*i. Let p = 6 - i. What is the units digit of p?
4
Suppose 2*p = -2*k - 8, 0 = -2*p - 5*k - 3 - 8. What is the units digit of (-2)/p - 22/(-3)?
8
Let m = 168 + -48. What is the hundreds digit of m?
1
Suppose -3*z + 32 = 3*t + z, 5 = z. Suppose -f + 0*u = u - t, -5 = -5*u. Let n(h) = h. What is the units digit of n(f)?
3
Let m = -31 + 52. What is the units digit of m?
1
Let b = 195 - 122. What is the units digit of b?
3
Suppose 9*t - 836 = 4*t - b, 0 = -2*b - 8. What is the units digit of t?
8
Let l be 1 + (3 - 4) + 13. Let p = 30 - l. What is the tens digit of p?
1
Let d(n) be the first derivative of -n**3/3 - 5*n**2/2 + 2*n + 1. What is the units digit of d(-5)?
2
Let p be (16/12)/((-2)/3). Let w(b) = -3*b + 1. What is the units digit of w(p)?
7
Let b = -1 + 6. Let t be 2/2*b/(-1). What is the units digit of (-23)/t + (-2)/(-5)?
5
Suppose 83 = 4*k - 5*p, -3*k = -3*p - 51 - 9. What is the tens digit of k?
1
Let s be 5130/70 - (-4)/(-14). Let o = 115 - s. What is the tens digit of o?
4
Suppose -3 = 5*u - 33. Let w = 19 - u. What is the units digit of w?
3
Let z = 49 + -39. What is the tens digit of z?
1
Let r(o) = -2*o - 15. Let d be r(-10). Let f = -1 + 0. Let m = d - f. What is the units digit of m?
6
Suppose 6*c = 2*c + 236. Let r = c + -42. What is the units digit of r?
7
Let y(k) = -4*k + 9. What is the units digit of y(-4)?
5
Let j be 2/(-4) + (-2)/4. Suppose -2 + 4 = -p. Let q = j - p. What is the units digit of q?
1
Let z(x) = -x + 11. Let c be z(9). Suppose 8 = 2*n + c. What is the units digit of n?
3
Let f(k) = -k**2 + 7*k - 1. Let o be f(7). Let s be ((-8)/6)/(o/9). What is the units digit of s/8*(-4)/(-3)?
2
Suppose 1 = -4*w + 37. Suppose -5*k - 3 = c + w, -5*k + 5*c = 0. Let f = k - -3. What is the units digit of f?
1
Let h = -6 - -10. Let l(m) = m**2 + 5*m - 6*m + 6 - h*m. What is the units digit of l(5)?
6
Suppose -h - 5*a = h - 4, 0 = 3*a. Let s = -2 - h. What is the units digit of (-8 - -1)*(2 + s)?
4
Suppose -4 = 5*m + 16. Let v(t) = t**3 + 4*t**2 - t. Let x be v(m). Let c(u) = u**3 - 4*u**2 + 5. What is the units digit of c(x)?
5
Let u = 5 - 3. What is the tens digit of 38/(u + 0/2)?
1
Suppose -7 - 5 = -3*g. Suppose 88 = 4*y - m - 66, -g*y - 5*m + 142 = 0. What is the tens digit of y?
3
Let t(u) = u**2 + 5*u + 2. Let y be t(-5). Suppose y*n = -3*n. What is the units digit of 3*((-1 - n) + 3)?
6
Let m(p) = 3*p**2 + 4*p - 3. Let i(o) = -6*o**2 - 9*o + 7. Let s(u) = -2*i(u) - 5*m(u). Let q be s(2). Let b = q - -21. What is the units digit of b?
6
Suppose -3*o - 18 = -72. Suppose 2*v = -3*v - 55. Let q = v + o. What is the units digit of q?
7
Suppose 4*i = 2*i + 34. Let v = i + -12. Let j = 8 - v. What is the units digit of j?
3
Let u = -2 - -2. Suppose -5*x - 10 = u, x - 18 = -5*w - 0*x. What is the units digit of w?
4
Let j(p) = p**3 + 6*p**2 + 7*p + 2. Let y be j(-5). Let d = y + 13. Let n(v) = v + 5. What is the units digit of n(d)?
0
Let j(h) = 5*h**2 - 8*h - 1. What is the units digit of j(-7)?
0
Let x be 0*3/(-12)*-2. Suppose 3*f + c - 13 = x, -3*f + 2*c = -5*f + 10. Let y = f - 3. What is the units digit of y?
1
Let r = -42 - -65. What is the tens digit of r?
2
Suppose 4*f - 3 = -y, -5*y - 15 = -10*y - 3*f. Let g(i) = i**2 - 3*i + 1. What is the units digit of g(y)?
1
Let y(r) = -r**3 + 8*r**2 - 10*r + 7. Suppose -5*m + 38 = -2*b, m - b + 8 = 3*m. What is the units digit of y(m)?
9
What is the hundreds digit of (-18)/5*3040/(-48)?
2
Let s(t) = 7 + 0 - 1 + 5 + t. Let g be s(-7). Let c(f) = 2*f**2 - 4*f - 5. What is the tens digit of c(g)?
1
Suppose -66 = -5*u - 2*i, 0 = -3*u + 3*i + 40 + 8. Let b = 23 - u. What is the units digit of b?
9
Suppose -5*o + 7 + 8 = 0. Suppose 3*h + 2 + 1 = q, -9 = -o*q - 4*h. Suppose 2*k = w + 24, 0 = -2*k + k - q*w - 2. What is the tens digit of k?
1
Let y(u) = 22*u + 2. Let q be y(-2). Let r = 61 + q. What is the tens digit of r?
1
Suppose 44*u + 1158 = 50*u. What is the hundreds digit of u?
1
Suppose 3*w + 4*r - 907 = 2*r, r = -2*w + 606. What is the units digit of w?
5
Suppose -7*p + 120 = -3*p. What is the units digit of p?
0
Let s(c) = -6*c**2 - 10*c**2 - c**3 - 9*c + 9*c**2 - 5. Let l be -1*(-7)/(7/(-6)). What is the tens digit of s(l)?
1
Let b be (-8)/(-7) + 5/(-35). Let n = 10 - b. What is the units digit of n?
9
Let m be (28 - (2 - 0)) + 1. Suppose -m = -5*n + 23. What is the tens digit of n?
1
Let p = -67 - -95. What is the tens digit of p?
2
Suppose z = -z + 64. What is the tens digit of z?
3
Let v(m) = m**2 + 2. Let z be v(0). Suppose -4*l + a + 18 = -11, -4*l + 3*a = -31. Let j = l - z. What is the units digit of j?
5
Suppose 24*z - 21*z = 948. What is the hundreds digit of z?
3
Suppose -3*n - 5 - 5 = -5*z, n = -2*z + 15. What is the units digit of z?
5
Suppose -2*n + 323 = 5*f, f = -4*n - 3*f + 676. What is the units digit of n?
4
What is the tens digit of 4/10 + (-343)/(-5)?
6
Suppose 3*i + 5 = 4*y - 2, 0 = y - 3*i - 4. Let u(b) = 19*b**3 - b**2 + b - 1. Let l be u(y). Suppose l = -3*c + 5*c. What is the units digit of c?
9
Let j be 9/(-6)*(-4)/3. Wha